{"id":172,"date":"2025-12-16T10:36:46","date_gmt":"2025-12-16T16:36:46","guid":{"rendered":"https:\/\/regenec.org\/taller\/nov2025\/?page_id=172"},"modified":"2025-12-16T10:36:46","modified_gmt":"2025-12-16T16:36:46","slug":"172-2","status":"publish","type":"page","link":"https:\/\/regenec.org\/taller\/nov2025\/172-2\/","title":{"rendered":"Cr\u00e9ditos"},"content":{"rendered":"<p>[et_pb_section fb_built=\u00bb1&#8243; theme_builder_area=\u00bbpost_content\u00bb _builder_version=\u00bb4.27.4&#8243; _module_preset=\u00bbdefault\u00bb][et_pb_row _builder_version=\u00bb4.27.4&#8243; _module_preset=\u00bbdefault\u00bb theme_builder_area=\u00bbpost_content\u00bb][et_pb_column _builder_version=\u00bb4.27.4&#8243; _module_preset=\u00bbdefault\u00bb type=\u00bb4_4&#8243; theme_builder_area=\u00bbpost_content\u00bb][et_pb_heading title=\u00bbSin su esfuerzo, esto no es posible\u00bb _builder_version=\u00bb4.27.4&#8243; _module_preset=\u00bbe9bb1e31-38aa-4248-9c9e-efc6d4da08db\u00bb hover_enabled=\u00bb0&#8243; global_colors_info=\u00bb{}\u00bb locked=\u00bboff\u00bb theme_builder_area=\u00bbpost_content\u00bb sticky_enabled=\u00bb0&#8243;][\/et_pb_heading][et_pb_heading title=\u00bbCr\u00e9ditos\u00bb _builder_version=\u00bb4.27.4&#8243; _module_preset=\u00bb18a51e98-947b-4355-afee-b54c75f7bac4&#8243; global_colors_info=\u00bb{}\u00bb locked=\u00bboff\u00bb theme_builder_area=\u00bbpost_content\u00bb][\/et_pb_heading][et_pb_text _builder_version=\u00bb4.27.4&#8243; _module_preset=\u00bbdefault\u00bb theme_builder_area=\u00bbpost_content\u00bb hover_enabled=\u00bb0&#8243; sticky_enabled=\u00bb0&#8243;]<\/p>\n<h2>Organizaci\u00f3n<\/h2>\n<ul>\n<li>Dra. Mar\u00eda Gabriela Montiel-Villalobos, Asistencia Ejecutiva ReGeneC, La Paz &#8211; BCS, M\u00e9xico<\/li>\n<li>Dra. Gabriela Castellanos Morales, Coordinadora del Posgrado en la Unidad Villahermosa, ECoSUr. M\u00e9xico<\/li>\n<li>Dra. Angela MG Martino, Asistencia Ejecutiva ReGeneC, Coro &#8211; Falc\u00f3n, Venezuela<\/li>\n<li>Dra. Mar\u00eda A. Oliveira-Miranda, Coordinadora Ejecutiva Red Gen\u00e9tica para la Conservaci\u00f3n (ReGeneC), Caracas, Venezuela<\/li>\n<li>Dr. Elie Poulin, Instituto BASE \/ Universidad de Chile, Santiago, Chile<\/li>\n<\/ul>\n<h2>Dise\u00f1o y Desarrollo Web<\/h2>\n<ul>\n<li>Melvin D. Ramos M., Venezuela<\/li>\n<\/ul>\n<h2>Fotograf\u00eda<\/h2>\n<ul>\n<li>Salvador Rodriguez-VanDyck\n<ul>\n<li>Amanecer, Golfo de California, M\u00e9xico<\/li>\n<li>Gaviota, Golfo de California, M\u00e9xico<\/li>\n<\/ul>\n<\/li>\n<li>Gabriela Castellanos-Morales\n<ul>\n<li>Monte de cacao<\/li>\n<\/ul>\n<\/li>\n<\/ul>\n<p>[\/et_pb_text][\/et_pb_column][\/et_pb_row][\/et_pb_section]<\/p>\n","protected":false},"excerpt":{"rendered":"<p>Organizaci\u00f3n Dra. Mar\u00eda Gabriela Montiel-Villalobos, Asistencia Ejecutiva ReGeneC, La Paz &#8211; BCS, M\u00e9xico Dra. Gabriela Castellanos Morales, Coordinadora del Posgrado en la Unidad Villahermosa, ECoSUr. M\u00e9xico Dra. Angela MG Martino, Asistencia Ejecutiva ReGeneC, Coro &#8211; Falc\u00f3n, Venezuela Dra. Mar\u00eda A. Oliveira-Miranda, Coordinadora Ejecutiva Red Gen\u00e9tica para la Conservaci\u00f3n (ReGeneC), Caracas, Venezuela Dr. Elie Poulin, Instituto [&hellip;]<\/p>\n","protected":false},"author":1,"featured_media":0,"parent":0,"menu_order":0,"comment_status":"closed","ping_status":"closed","template":"","meta":{"_et_pb_use_builder":"on","_et_pb_old_content":"","_et_gb_content_width":"","footnotes":""},"class_list":["post-172","page","type-page","status-publish","hentry"],"_links":{"self":[{"href":"https:\/\/regenec.org\/taller\/nov2025\/wp-json\/wp\/v2\/pages\/172","targetHints":{"allow":["GET"]}}],"collection":[{"href":"https:\/\/regenec.org\/taller\/nov2025\/wp-json\/wp\/v2\/pages"}],"about":[{"href":"https:\/\/regenec.org\/taller\/nov2025\/wp-json\/wp\/v2\/types\/page"}],"author":[{"embeddable":true,"href":"https:\/\/regenec.org\/taller\/nov2025\/wp-json\/wp\/v2\/users\/1"}],"replies":[{"embeddable":true,"href":"https:\/\/regenec.org\/taller\/nov2025\/wp-json\/wp\/v2\/comments?post=172"}],"version-history":[{"count":4,"href":"https:\/\/regenec.org\/taller\/nov2025\/wp-json\/wp\/v2\/pages\/172\/revisions"}],"predecessor-version":[{"id":181,"href":"https:\/\/regenec.org\/taller\/nov2025\/wp-json\/wp\/v2\/pages\/172\/revisions\/181"}],"wp:attachment":[{"href":"https:\/\/regenec.org\/taller\/nov2025\/wp-json\/wp\/v2\/media?parent=172"}],"curies":[{"name":"wp","href":"https:\/\/api.w.org\/{rel}","templated":true}]}}

Créditos

<p>[et_pb_section fb_built=»1&#8243; theme_builder_area=»post_content» _builder_version=»4.27.4&#8243; _module_preset=»default»][et_pb_row _builder_version=»4.27.4&#8243; _module_preset=»default» theme_builder_area=»post_content»][et_pb_column _builder_version=»4.27.4&#8243; _module_preset=»default» type=»4_4&#8243; theme_builder_area=»post_content»][et_pb_heading title=»Sin su esfuerzo, esto no es posible» _builder_version=»4.27.4&#8243; _module_preset=»e9bb1e31-38aa-4248-9c9e-efc6d4da08db» hover_enabled=»0&#8243; global_colors_info=»{}» locked=»off» theme_builder_area=»post_content» sticky_enabled=»0&#8243;][/et_pb_heading][et_pb_heading title=»Créditos» _builder_version=»4.27.4&#8243; _module_preset=»18a51e98-947b-4355-afee-b54c75f7bac4&#8243; global_colors_info=»{}» locked=»off» theme_builder_area=»post_content»][/et_pb_heading][et_pb_text _builder_version=»4.27.4&#8243; _module_preset=»default» theme_builder_area=»post_content» hover_enabled=»0&#8243; sticky_enabled=»0&#8243;]</p>
<h2>Organización</h2>
<ul>
<li>Dra. María Gabriela Montiel-Villalobos, Asistencia Ejecutiva ReGeneC, La Paz &#8211; BCS, México</li>
<li>Dra. Gabriela Castellanos Morales, Coordinadora del Posgrado en la Unidad Villahermosa, ECoSUr. México</li>
<li>Dra. Angela MG Martino, Asistencia Ejecutiva ReGeneC, Coro &#8211; Falcón, Venezuela</li>
<li>Dra. María A. Oliveira-Miranda, Coordinadora Ejecutiva Red Genética para la Conservación (ReGeneC), Caracas, Venezuela</li>
<li>Dr. Elie Poulin, Instituto BASE / Universidad de Chile, Santiago, Chile</li>
</ul>
<h2>Diseño y Desarrollo Web</h2>
<ul>
<li>Melvin D. Ramos M., Venezuela</li>
</ul>
<h2>Fotografía</h2>
<ul>
<li>Salvador Rodriguez-VanDyck
<ul>
<li>Amanecer, Golfo de California, México</li>
<li>Gaviota, Golfo de California, México</li>
</ul>
</li>
<li>Gabriela Castellanos-Morales
<ul>
<li>Monte de cacao</li>
</ul>
</li>
</ul>
<p>[/et_pb_text][/et_pb_column][/et_pb_row][/et_pb_section]</p>

<p>Organización Dra. María Gabriela Montiel-Villalobos, Asistencia Ejecutiva ReGeneC, La Paz &#8211; BCS, México Dra. Gabriela Castellanos Morales, Coordinadora del Posgrado en la Unidad Villahermosa, ECoSUr. México Dra. Angela MG Martino, Asistencia Ejecutiva ReGeneC, Coro &#8211; Falcón, Venezuela Dra. María A. Oliveira-Miranda, Coordinadora Ejecutiva Red Genética para la Conservación (ReGeneC), Caracas, Venezuela Dr. Elie Poulin, Instituto [&hellip;]</p>
