{"id":21,"date":"2025-07-26T19:04:24","date_gmt":"2025-07-27T01:04:24","guid":{"rendered":"https:\/\/regenec.org\/taller\/nov2025\/?page_id=21"},"modified":"2025-12-16T10:36:33","modified_gmt":"2025-12-16T16:36:33","slug":"objetivos","status":"publish","type":"page","link":"https:\/\/regenec.org\/taller\/nov2025\/objetivos\/","title":{"rendered":"Objetivos"},"content":{"rendered":"<p>[et_pb_section fb_built=\u00bb1&#8243; admin_label=\u00bbHeader\u00bb _builder_version=\u00bb4.27.4&#8243; _module_preset=\u00bbdefault\u00bb collapsed=\u00bbon\u00bb global_colors_info=\u00bb{}\u00bb][et_pb_row _builder_version=\u00bb4.27.4&#8243; _module_preset=\u00bbdefault\u00bb global_colors_info=\u00bb{}\u00bb][et_pb_column type=\u00bb4_4&#8243; _builder_version=\u00bb4.27.4&#8243; _module_preset=\u00bbdefault\u00bb global_colors_info=\u00bb{}\u00bb][et_pb_heading title=\u00bbSobre los\u00bb _builder_version=\u00bb4.27.4&#8243; _module_preset=\u00bbe9bb1e31-38aa-4248-9c9e-efc6d4da08db\u00bb global_colors_info=\u00bb{}\u00bb][\/et_pb_heading][et_pb_heading title=\u00bbObjetivos del XVII Taller\u00bb _builder_version=\u00bb4.27.4&#8243; _module_preset=\u00bb18a51e98-947b-4355-afee-b54c75f7bac4&#8243; global_colors_info=\u00bb{}\u00bb][\/et_pb_heading][\/et_pb_column][\/et_pb_row][et_pb_row column_structure=\u00bb1_2,1_2&#8243; _builder_version=\u00bb4.27.4&#8243; _module_preset=\u00bbdefault\u00bb global_colors_info=\u00bb{}\u00bb][et_pb_column type=\u00bb1_2&#8243; _builder_version=\u00bb4.27.4&#8243; _module_preset=\u00bbdefault\u00bb global_colors_info=\u00bb{}\u00bb][et_pb_text _builder_version=\u00bb4.27.4&#8243; _module_preset=\u00bb67edf164-b756-41f1-b823-1bd21ce2aa07&#8243; global_colors_info=\u00bb{}\u00bb]<\/p>\n<h4>Objetivo General<\/h4>\n<p>Apoyar la formaci\u00f3n de profesionales en el campo de la gen\u00e9tica para la conservaci\u00f3n en la regi\u00f3n de Latinoam\u00e9rica, fomentando as\u00ed v\u00ednculos internacionales de investigaci\u00f3n y colaboraci\u00f3n.<\/p>\n<h4>Objetivos Espec\u00edficos<\/h4>\n<p>Despu\u00e9s de 16 cursos previos, este taller buscar\u00e1 espec\u00edficamente alcanzar los siguientes objetivos:<\/p>\n<p>1) Revisar y poner en pr\u00e1ctica herramientas de an\u00e1lisis actualizadas (por ejemplo, gen\u00f3mica) con datos reales. Esto ayudar\u00e1 a los cient\u00edficos y profesionales latinoamericanos a ser competitivos en la protecci\u00f3n de su biodiversidad.<\/p>\n<p>2) Discutir el significado de la conservaci\u00f3n de la diversidad gen\u00e9tica, m\u00e1s all\u00e1 de las herramientas y el conocimiento t\u00e9cnico-cient\u00edfico. Las discusiones considerar\u00e1n el contexto social, legal, filos\u00f3fico, \u00e9tico y econ\u00f3mico en el que se basa, dado que la conservaci\u00f3n es un proceso social.<\/p>\n<p>3) Revisar los elementos de la gesti\u00f3n de proyectos, claves para el \u00e9xito de la investigaci\u00f3n desde su formulaci\u00f3n hasta su incorporaci\u00f3n como medida de conservaci\u00f3n.<\/p>\n<p>4) Facilitar la incorporaci\u00f3n del contenido del taller en los proyectos de investigaci\u00f3n de los participantes, mediante la asignaci\u00f3n de un comit\u00e9 asesor para cada uno.<\/p>\n<p>5) Desarrollar redes entre participantes, profesores y otros miembros de ReGeneC para continuar el proceso de desarrollo de capacidades en la regi\u00f3n.<\/p>\n<p>[\/et_pb_text][\/et_pb_column][et_pb_column type=\u00bb1_2&#8243; _builder_version=\u00bb4.27.4&#8243; _module_preset=\u00bbdefault\u00bb global_colors_info=\u00bb{}\u00bb][et_pb_image src=\u00bbhttps:\/\/regenec.org\/taller\/nov2025\/wp-content\/uploads\/2025\/12\/Monte_de_cacao-resized.jpg\u00bb title_text=\u00bbMonte_de_cacao\u00bb _builder_version=\u00bb4.27.4&#8243; _module_preset=\u00bbdefault\u00bb hover_enabled=\u00bb0&#8243; global_colors_info=\u00bb{}\u00bb sticky_enabled=\u00bb0&#8243;][\/et_pb_image][\/et_pb_column][\/et_pb_row][\/et_pb_section][et_pb_section fb_built=\u00bb1&#8243; disabled_on=\u00bbon|on|on\u00bb admin_label=\u00bbHow to Get Involved\u00bb _builder_version=\u00bb4.27.4&#8243; _module_preset=\u00bbdefault\u00bb disabled=\u00bbon\u00bb collapsed=\u00bbon\u00bb global_colors_info=\u00bb{}\u00bb][et_pb_row column_structure=\u00bb3_5,2_5&#8243; _builder_version=\u00bb4.27.4&#8243; _module_preset=\u00bbdefault\u00bb global_colors_info=\u00bb{}\u00bb][et_pb_column type=\u00bb3_5&#8243; _builder_version=\u00bb4.27.4&#8243; _module_preset=\u00bbdefault\u00bb global_colors_info=\u00bb{}\u00bb][et_pb_heading title=\u00bbHow to Get Involved\u00bb _builder_version=\u00bb4.27.4&#8243; _module_preset=\u00bb83b54cea-07bf-4925-950b-cd82143c555f\u00bb global_colors_info=\u00bb{}\u00bb][\/et_pb_heading][et_pb_text _builder_version=\u00bb4.27.4&#8243; _module_preset=\u00bbcfc9ad2d-42bf-47a7-956c-6471465f3aa8&#8243; global_colors_info=\u00bb{}\u00bb]Become a part of our thriving community by volunteering, speaking, or sponsoring our events.[\/et_pb_text][\/et_pb_column][et_pb_column type=\u00bb2_5&#8243; _builder_version=\u00bb4.27.4&#8243; _module_preset=\u00bbdefault\u00bb global_colors_info=\u00bb{}\u00bb][et_pb_blurb title=\u00bbVolunteer\u00bb use_icon=\u00bbon\u00bb font_icon=\u00bb&#xf004;||fa||900&#8243; _builder_version=\u00bb4.27.4&#8243; _module_preset=\u00bbc4f42a7d-6b64-4894-b9e6-893c45fec26b\u00bb global_colors_info=\u00bb{}\u00bb]<\/p>\n<p>Help us make our events successful by joining as a volunteer.<\/p>\n<p>[\/et_pb_blurb][et_pb_blurb title=\u00bbBe a Speaker\u00bb use_icon=\u00bbon\u00bb font_icon=\u00bb&#xf406;||fa||900&#8243; _builder_version=\u00bb4.27.4&#8243; _module_preset=\u00bbc4f42a7d-6b64-4894-b9e6-893c45fec26b\u00bb global_colors_info=\u00bb{}\u00bb]Share your insights and expertise with our audience.[\/et_pb_blurb][et_pb_blurb title=\u00bbSponsor\u00bb use_icon=\u00bbon\u00bb font_icon=\u00bb&#xf7b6;||fa||900&#8243; _builder_version=\u00bb4.27.4&#8243; _module_preset=\u00bbc4f42a7d-6b64-4894-b9e6-893c45fec26b\u00bb global_colors_info=\u00bb{}\u00bb]<\/p>\n<p>Support our mission by sponsoring an event.<\/p>\n<p>[\/et_pb_blurb][\/et_pb_column][\/et_pb_row][\/et_pb_section]<\/p>\n","protected":false},"excerpt":{"rendered":"<p>Objetivo General Apoyar la formaci\u00f3n de profesionales en el campo de la gen\u00e9tica para la conservaci\u00f3n en la regi\u00f3n de Latinoam\u00e9rica, fomentando as\u00ed v\u00ednculos internacionales de investigaci\u00f3n y colaboraci\u00f3n. Objetivos Espec\u00edficos Despu\u00e9s de 16 cursos previos, este taller buscar\u00e1 espec\u00edficamente alcanzar los siguientes objetivos: 1) Revisar y poner en pr\u00e1ctica herramientas de an\u00e1lisis actualizadas (por [&hellip;]<\/p>\n","protected":false},"author":1,"featured_media":0,"parent":0,"menu_order":0,"comment_status":"closed","ping_status":"closed","template":"","meta":{"_et_pb_use_builder":"on","_et_pb_old_content":"","_et_gb_content_width":"","footnotes":""},"class_list":["post-21","page","type-page","status-publish","hentry"],"_links":{"self":[{"href":"https:\/\/regenec.org\/taller\/nov2025\/wp-json\/wp\/v2\/pages\/21","targetHints":{"allow":["GET"]}}],"collection":[{"href":"https:\/\/regenec.org\/taller\/nov2025\/wp-json\/wp\/v2\/pages"}],"about":[{"href":"https:\/\/regenec.org\/taller\/nov2025\/wp-json\/wp\/v2\/types\/page"}],"author":[{"embeddable":true,"href":"https:\/\/regenec.org\/taller\/nov2025\/wp-json\/wp\/v2\/users\/1"}],"replies":[{"embeddable":true,"href":"https:\/\/regenec.org\/taller\/nov2025\/wp-json\/wp\/v2\/comments?post=21"}],"version-history":[{"count":6,"href":"https:\/\/regenec.org\/taller\/nov2025\/wp-json\/wp\/v2\/pages\/21\/revisions"}],"predecessor-version":[{"id":178,"href":"https:\/\/regenec.org\/taller\/nov2025\/wp-json\/wp\/v2\/pages\/21\/revisions\/178"}],"wp:attachment":[{"href":"https:\/\/regenec.org\/taller\/nov2025\/wp-json\/wp\/v2\/media?parent=21"}],"curies":[{"name":"wp","href":"https:\/\/api.w.org\/{rel}","templated":true}]}}

<p>[et_pb_section fb_built=»1&#8243; admin_label=»Header» _builder_version=»4.27.4&#8243; _module_preset=»default» collapsed=»on» global_colors_info=»{}»][et_pb_row _builder_version=»4.27.4&#8243; _module_preset=»default» global_colors_info=»{}»][et_pb_column type=»4_4&#8243; _builder_version=»4.27.4&#8243; _module_preset=»default» global_colors_info=»{}»][et_pb_heading title=»Sobre los» _builder_version=»4.27.4&#8243; _module_preset=»e9bb1e31-38aa-4248-9c9e-efc6d4da08db» global_colors_info=»{}»][/et_pb_heading][et_pb_heading title=»Objetivos del XVII Taller» _builder_version=»4.27.4&#8243; _module_preset=»18a51e98-947b-4355-afee-b54c75f7bac4&#8243; global_colors_info=»{}»][/et_pb_heading][/et_pb_column][/et_pb_row][et_pb_row column_structure=»1_2,1_2&#8243; _builder_version=»4.27.4&#8243; _module_preset=»default» global_colors_info=»{}»][et_pb_column type=»1_2&#8243; _builder_version=»4.27.4&#8243; _module_preset=»default» global_colors_info=»{}»][et_pb_text _builder_version=»4.27.4&#8243; _module_preset=»67edf164-b756-41f1-b823-1bd21ce2aa07&#8243; global_colors_info=»{}»]</p>
<h4>Objetivo General</h4>
<p>Apoyar la formación de profesionales en el campo de la genética para la conservación en la región de Latinoamérica, fomentando así vínculos internacionales de investigación y colaboración.</p>
<h4>Objetivos Específicos</h4>
<p>Después de 16 cursos previos, este taller buscará específicamente alcanzar los siguientes objetivos:</p>
<p>1) Revisar y poner en práctica herramientas de análisis actualizadas (por ejemplo, genómica) con datos reales. Esto ayudará a los científicos y profesionales latinoamericanos a ser competitivos en la protección de su biodiversidad.</p>
<p>2) Discutir el significado de la conservación de la diversidad genética, más allá de las herramientas y el conocimiento técnico-científico. Las discusiones considerarán el contexto social, legal, filosófico, ético y económico en el que se basa, dado que la conservación es un proceso social.</p>
<p>3) Revisar los elementos de la gestión de proyectos, claves para el éxito de la investigación desde su formulación hasta su incorporación como medida de conservación.</p>
<p>4) Facilitar la incorporación del contenido del taller en los proyectos de investigación de los participantes, mediante la asignación de un comité asesor para cada uno.</p>
<p>5) Desarrollar redes entre participantes, profesores y otros miembros de ReGeneC para continuar el proceso de desarrollo de capacidades en la región.</p>
<p>[/et_pb_text][/et_pb_column][et_pb_column type=»1_2&#8243; _builder_version=»4.27.4&#8243; _module_preset=»default» global_colors_info=»{}»][et_pb_image src=»https://regenec.org/taller/nov2025/wp-content/uploads/2025/12/Monte_de_cacao-resized.jpg» title_text=»Monte_de_cacao» _builder_version=»4.27.4&#8243; _module_preset=»default» hover_enabled=»0&#8243; global_colors_info=»{}» sticky_enabled=»0&#8243;][/et_pb_image][/et_pb_column][/et_pb_row][/et_pb_section][et_pb_section fb_built=»1&#8243; disabled_on=»on|on|on» admin_label=»How to Get Involved» _builder_version=»4.27.4&#8243; _module_preset=»default» disabled=»on» collapsed=»on» global_colors_info=»{}»][et_pb_row column_structure=»3_5,2_5&#8243; _builder_version=»4.27.4&#8243; _module_preset=»default» global_colors_info=»{}»][et_pb_column type=»3_5&#8243; _builder_version=»4.27.4&#8243; _module_preset=»default» global_colors_info=»{}»][et_pb_heading title=»How to Get Involved» _builder_version=»4.27.4&#8243; _module_preset=»83b54cea-07bf-4925-950b-cd82143c555f» global_colors_info=»{}»][/et_pb_heading][et_pb_text _builder_version=»4.27.4&#8243; _module_preset=»cfc9ad2d-42bf-47a7-956c-6471465f3aa8&#8243; global_colors_info=»{}»]Become a part of our thriving community by volunteering, speaking, or sponsoring our events.[/et_pb_text][/et_pb_column][et_pb_column type=»2_5&#8243; _builder_version=»4.27.4&#8243; _module_preset=»default» global_colors_info=»{}»][et_pb_blurb title=»Volunteer» use_icon=»on» font_icon=»&#xf004;||fa||900&#8243; _builder_version=»4.27.4&#8243; _module_preset=»c4f42a7d-6b64-4894-b9e6-893c45fec26b» global_colors_info=»{}»]</p>
<p>Help us make our events successful by joining as a volunteer.</p>
<p>[/et_pb_blurb][et_pb_blurb title=»Be a Speaker» use_icon=»on» font_icon=»&#xf406;||fa||900&#8243; _builder_version=»4.27.4&#8243; _module_preset=»c4f42a7d-6b64-4894-b9e6-893c45fec26b» global_colors_info=»{}»]Share your insights and expertise with our audience.[/et_pb_blurb][et_pb_blurb title=»Sponsor» use_icon=»on» font_icon=»&#xf7b6;||fa||900&#8243; _builder_version=»4.27.4&#8243; _module_preset=»c4f42a7d-6b64-4894-b9e6-893c45fec26b» global_colors_info=»{}»]</p>
<p>Support our mission by sponsoring an event.</p>
<p>[/et_pb_blurb][/et_pb_column][/et_pb_row][/et_pb_section]</p>

<p>Objetivo General Apoyar la formación de profesionales en el campo de la genética para la conservación en la región de Latinoamérica, fomentando así vínculos internacionales de investigación y colaboración. Objetivos Específicos Después de 16 cursos previos, este taller buscará específicamente alcanzar los siguientes objetivos: 1) Revisar y poner en práctica herramientas de análisis actualizadas (por [&hellip;]</p>
