{"id":19,"date":"2021-06-13T10:22:57","date_gmt":"2021-06-13T13:22:57","guid":{"rendered":"https:\/\/regenec.org\/taller\/sep2021\/?page_id=19"},"modified":"2021-12-01T09:11:58","modified_gmt":"2021-12-01T12:11:58","slug":"inicio","status":"publish","type":"page","link":"https:\/\/regenec.org\/taller\/sep2021\/","title":{"rendered":"Inicio"},"content":{"rendered":"<p>[et_pb_section fb_built=\u00bb1&#8243; _builder_version=\u00bb4.9.6&#8243; _module_preset=\u00bbdefault\u00bb custom_margin=\u00bb0px||0px|0px|false|false\u00bb custom_padding=\u00bb0px|0px|0px|0px|false|false\u00bb collapsed=\u00bboff\u00bb global_colors_info=\u00bb{}\u00bb][et_pb_row column_structure=\u00bb1_3,1_3,1_3&#8243; make_equal=\u00bbon\u00bb _builder_version=\u00bb4.9.6&#8243; _module_preset=\u00bbdefault\u00bb width=\u00bb100%\u00bb max_width=\u00bb1920px\u00bb min_height=\u00bb100vh\u00bb custom_margin=\u00bb0px|0px|0px|0px|false|false\u00bb custom_padding=\u00bb0px||0px|0px|false|false\u00bb global_colors_info=\u00bb{}\u00bb][et_pb_column type=\u00bb1_3&#8243; module_id=\u00bblanding-col-bg\u00bb _builder_version=\u00bb4.9.6&#8243; _module_preset=\u00bbdefault\u00bb background_image=\u00bbhttps:\/\/regenec.org\/taller\/sep2021\/wp-content\/uploads\/2021\/06\/Brazil-Nature-2.png\u00bb background_position=\u00bbcenter_right\u00bb custom_padding=\u00bb||||false|false\u00bb custom_padding_tablet=\u00bb350px||||false|false\u00bb custom_padding_phone=\u00bb250px||||false|false\u00bb custom_padding_last_edited=\u00bbon|tablet\u00bb global_colors_info=\u00bb{}\u00bb][\/et_pb_column][et_pb_column type=\u00bb1_3&#8243; _builder_version=\u00bb4.9.6&#8243; _module_preset=\u00bbdefault\u00bb custom_padding=\u00bb5%||5%||false|false\u00bb custom_padding_tablet=\u00bb0%|5%||5%|false|false\u00bb custom_padding_phone=\u00bb0%|5%||5%|false|false\u00bb custom_padding_last_edited=\u00bbon|desktop\u00bb global_colors_info=\u00bb{}\u00bb][et_pb_image src=\u00bbhttps:\/\/regenec.org\/taller\/sep2021\/wp-content\/uploads\/2021\/06\/logo-compuesto.png\u00bb alt=\u00bbII Congreso Latinoamericano de Gen\u00e9tica para la Conservaci\u00f3n &#8211; ReGeneC\u00bb title_text=\u00bbII Congreso Latinoamericano de Gen\u00e9tica para la Conservaci\u00f3n &#8211; ReGeneC\u00bb url=\u00bbhttps:\/\/regenec.org\/taller\/sep2021\/\u00bb admin_label=\u00bbLogo ReGeneC\u00bb module_class=\u00bbmain-logo\u00bb _builder_version=\u00bb4.9.6&#8243; _module_preset=\u00bbdefault\u00bb max_width=\u00bb360px\u00bb custom_margin=\u00bb||||false|false\u00bb global_module=\u00bb199&#8243; global_colors_info=\u00bb{}\u00bb][\/et_pb_image][et_pb_text admin_label=\u00bbT\u00edtulo\u00bb _builder_version=\u00bb4.9.6&#8243; _module_preset=\u00bbdefault\u00bb global_colors_info=\u00bb{}\u00bb]<\/p>\n<h1><span>II Congreso Latinoamericano de<\/span><br \/>Gen\u00e9tica para la Conservaci\u00f3n<\/h1>\n<p>[\/et_pb_text][et_pb_text admin_label=\u00bbFecha\u00bb _builder_version=\u00bb4.9.7&#8243; _module_preset=\u00bbdefault\u00bb global_colors_info=\u00bb{}\u00bb]<\/p>\n<h2>Del 13 al 16 de septiembre de 2021<\/h2>\n<p>[\/et_pb_text][et_pb_text _builder_version=\u00bb4.9.6&#8243; _module_preset=\u00bbdefault\u00bb custom_margin=\u00bb||0px||false|false\u00bb custom_padding=\u00bb||0px||false|false\u00bb global_colors_info=\u00bb{}\u00bb]<\/p>\n<p>En ocasi\u00f3n del<\/p>\n<h3><a href=\"https:\/\/www.sbg.org.br\/genetica2021\/index.php\">66\u00b0 Congreso Brasilero de Gen\u00e9tica<\/a><\/h3>\n<p>[\/et_pb_text][et_pb_image src=\u00bbhttps:\/\/regenec.org\/taller\/sep2021\/wp-content\/uploads\/2021\/06\/logo_brasil.png\u00bb alt=\u00bb66\u00b0 Congreso Brasilero de Gen\u00e9tica\u00bb title_text=\u00bb66\u00b0 Congreso Brasilero de Gen\u00e9tica\u00bb url=\u00bbhttps:\/\/www.sbg.org.br\/genetica2021\/index.php\u00bb url_new_window=\u00bbon\u00bb admin_label=\u00bbLogo Congreso Brasile\u00f1o\u00bb _builder_version=\u00bb4.9.6&#8243; _module_preset=\u00bbdefault\u00bb width=\u00bb200px\u00bb global_colors_info=\u00bb{}\u00bb]<br \/>\n[\/et_pb_image][et_pb_button button_url=\u00bbhttps:\/\/www.sbg.org.br\/genetica2021\/inscricao\u00bb url_new_window=\u00bbon\u00bb button_text=\u00bbInscr\u00edbete ahora\u00bb _builder_version=\u00bb4.9.6&#8243; _module_preset=\u00bbdefault\u00bb global_module=\u00bb187&#8243; saved_tabs=\u00bball\u00bb global_colors_info=\u00bb{}\u00bb][\/et_pb_button][et_pb_text _builder_version=\u00bb4.14.2&#8243; _module_preset=\u00bbdefault\u00bb hover_enabled=\u00bb0&#8243; global_colors_info=\u00bb{}\u00bb sticky_enabled=\u00bb0&#8243;]<\/p>\n<p><span style=\"color: red;\"><b>EVENTO FINALIZADO<\/b><\/span><\/p>\n<p>Inscripci\u00f3n en los Mini Cursos<br \/><span style=\"color: red;\">\u00a1CERRADA!<\/span> <a href=\"https:\/\/forms.gle\/PGLhwddTZdwA925u8\" target=\"_blank\" rel=\"noopener\">Formulario de inscripci\u00f3n<\/a> | <a href=\"https:\/\/regenec.org\/taller\/sep2021\/mini-cursos\/\">M\u00e1s informaci\u00f3n<\/a><\/p>\n<p>Cierre de registro regular y la recepci\u00f3n de res\u00famenes<br \/><span style=\"color: red;\">\u00a1FECHA EXTENDIDA!<\/span> <strong>05 de agosto de 2021<\/strong><\/p>\n<p>[\/et_pb_text][\/et_pb_column][et_pb_column type=\u00bb1_3&#8243; _builder_version=\u00bb4.9.6&#8243; _module_preset=\u00bbdefault\u00bb custom_padding=\u00bb5%||5%||false|false\u00bb global_colors_info=\u00bb{}\u00bb][et_pb_text admin_label=\u00bbTexto\u00bb _builder_version=\u00bb4.9.6&#8243; _module_preset=\u00bbdefault\u00bb custom_margin=\u00bb||0px||false|false\u00bb custom_padding=\u00bb||0px||false|false\u00bb global_module=\u00bb79&#8243; saved_tabs=\u00bball\u00bb global_colors_info=\u00bb{}\u00bb]<\/p>\n<p style=\"text-align: center;\">Con el apoyo de<\/p>\n<p>[\/et_pb_text][et_pb_image src=\u00bbhttps:\/\/regenec.org\/taller\/sep2021\/wp-content\/uploads\/2021\/06\/AGA.jpg\u00bb alt=\u00bbAmerican Genetic Association\u00bb title_text=\u00bbAmerican Genetic Association\u00bb url=\u00bbhttps:\/\/www.theaga.org\/index.htm\u00bb url_new_window=\u00bbon\u00bb align=\u00bbcenter\u00bb admin_label=\u00bbLogo AGA\u00bb _builder_version=\u00bb4.9.6&#8243; _module_preset=\u00bbdefault\u00bb width=\u00bb200px\u00bb global_module=\u00bb80&#8243; saved_tabs=\u00bball\u00bb global_colors_info=\u00bb{}\u00bb][\/et_pb_image][et_pb_text admin_label=\u00bbAcerca del II CLAGeneC\u00bb module_class=\u00bbmenu-box\u00bb _builder_version=\u00bb4.9.6&#8243; _module_preset=\u00bbdefault\u00bb vertical_offset_tablet=\u00bb0&#8243; horizontal_offset_tablet=\u00bb0&#8243; link_option_url=\u00bbhttps:\/\/regenec.org\/taller\/sep2021\/acerca-del-ii-clagenec\/\u00bb z_index_tablet=\u00bb0&#8243; text_text_shadow_horizontal_length_tablet=\u00bb0px\u00bb text_text_shadow_vertical_length_tablet=\u00bb0px\u00bb text_text_shadow_blur_strength_tablet=\u00bb1px\u00bb link_text_shadow_horizontal_length_tablet=\u00bb0px\u00bb link_text_shadow_vertical_length_tablet=\u00bb0px\u00bb link_text_shadow_blur_strength_tablet=\u00bb1px\u00bb ul_text_shadow_horizontal_length_tablet=\u00bb0px\u00bb ul_text_shadow_vertical_length_tablet=\u00bb0px\u00bb ul_text_shadow_blur_strength_tablet=\u00bb1px\u00bb ol_text_shadow_horizontal_length_tablet=\u00bb0px\u00bb ol_text_shadow_vertical_length_tablet=\u00bb0px\u00bb ol_text_shadow_blur_strength_tablet=\u00bb1px\u00bb quote_text_shadow_horizontal_length_tablet=\u00bb0px\u00bb quote_text_shadow_vertical_length_tablet=\u00bb0px\u00bb quote_text_shadow_blur_strength_tablet=\u00bb1px\u00bb header_text_shadow_horizontal_length_tablet=\u00bb0px\u00bb header_text_shadow_vertical_length_tablet=\u00bb0px\u00bb header_text_shadow_blur_strength_tablet=\u00bb1px\u00bb header_2_text_shadow_horizontal_length_tablet=\u00bb0px\u00bb header_2_text_shadow_vertical_length_tablet=\u00bb0px\u00bb header_2_text_shadow_blur_strength_tablet=\u00bb1px\u00bb header_3_text_shadow_horizontal_length_tablet=\u00bb0px\u00bb header_3_text_shadow_vertical_length_tablet=\u00bb0px\u00bb header_3_text_shadow_blur_strength_tablet=\u00bb1px\u00bb header_4_text_shadow_horizontal_length_tablet=\u00bb0px\u00bb header_4_text_shadow_vertical_length_tablet=\u00bb0px\u00bb header_4_text_shadow_blur_strength_tablet=\u00bb1px\u00bb header_5_text_shadow_horizontal_length_tablet=\u00bb0px\u00bb header_5_text_shadow_vertical_length_tablet=\u00bb0px\u00bb header_5_text_shadow_blur_strength_tablet=\u00bb1px\u00bb header_6_text_shadow_horizontal_length_tablet=\u00bb0px\u00bb header_6_text_shadow_vertical_length_tablet=\u00bb0px\u00bb header_6_text_shadow_blur_strength_tablet=\u00bb1px\u00bb box_shadow_horizontal_tablet=\u00bb0px\u00bb box_shadow_vertical_tablet=\u00bb0px\u00bb box_shadow_blur_tablet=\u00bb40px\u00bb box_shadow_spread_tablet=\u00bb0px\u00bb global_module=\u00bb85&#8243; saved_tabs=\u00bball\u00bb global_colors_info=\u00bb{}\u00bb]<\/p>\n<p>Acerca del<br \/><strong>II CLAGeneC<\/strong><\/p>\n<p>[\/et_pb_text][et_pb_text admin_label=\u00bbDescarga el Programa\u00bb module_class=\u00bbmenu-box\u00bb _builder_version=\u00bb4.10.7&#8243; _module_preset=\u00bbdefault\u00bb link_option_url=\u00bbhttps:\/\/regenec.org\/taller\/sep2021\/wp-content\/uploads\/2021\/09\/Programa-II-CLAGeneC-v4.3.pdf\u00bb link_option_url_new_window=\u00bbon\u00bb global_module=\u00bb115&#8243; saved_tabs=\u00bball\u00bb global_colors_info=\u00bb{}\u00bb]<\/p>\n<p>Descarga el<br \/><strong>Programa<\/strong><\/p>\n<p>[\/et_pb_text][et_pb_text admin_label=\u00bbSobre los Res\u00famenes\u00bb module_class=\u00bbmenu-box\u00bb _builder_version=\u00bb4.9.6&#8243; _module_preset=\u00bbdefault\u00bb link_option_url=\u00bbhttps:\/\/regenec.org\/taller\/sep2021\/resumenes\/\u00bb global_module=\u00bb261&#8243; global_colors_info=\u00bb{}\u00bb]<\/p>\n<p>Sobre los<br \/><strong>Res\u00famenes<\/strong><\/p>\n<p>[\/et_pb_text][et_pb_text admin_label=\u00bbSobre los Mini Cursos\u00bb module_class=\u00bbmenu-box\u00bb _builder_version=\u00bb4.9.6&#8243; _module_preset=\u00bbdefault\u00bb link_option_url=\u00bbhttps:\/\/regenec.org\/taller\/sep2021\/mini-cursos\/\u00bb global_module=\u00bb131&#8243; global_colors_info=\u00bb{}\u00bb]<\/p>\n<p>Sobre los<br \/><strong>Mini Cursos<\/strong><\/p>\n<p>[\/et_pb_text][et_pb_text admin_label=\u00bbCorreo\u00bb _builder_version=\u00bb4.9.6&#8243; _module_preset=\u00bbdefault\u00bb global_module=\u00bb175&#8243; saved_tabs=\u00bball\u00bb global_colors_info=\u00bb{}\u00bb]<\/p>\n<p style=\"text-align: center; color: #f6691c;\"><strong>Contacto<\/strong><br \/><a href=\"mailto:regenec@regenec.org\" target=\"_blank\" rel=\"noopener\">regenec@regenec.org<\/a><\/p>\n<p>[\/et_pb_text][et_pb_text admin_label=\u00bbCr\u00e9ditos\u00bb _builder_version=\u00bb4.9.6&#8243; _module_preset=\u00bbdefault\u00bb global_module=\u00bb176&#8243; saved_tabs=\u00bball\u00bb global_colors_info=\u00bb{}\u00bb]<\/p>\n<p style=\"text-align: center;\"><a href=\"https:\/\/regenec.org\/taller\/sep2021\/creditos\/\"><strong>Cr\u00e9ditos<\/strong><\/a><\/p>\n<p>[\/et_pb_text][\/et_pb_column][\/et_pb_row][\/et_pb_section]<\/p>\n","protected":false},"excerpt":{"rendered":"<p>II Congreso Latinoamericano deGen\u00e9tica para la Conservaci\u00f3n Del 13 al 16 de septiembre de 2021En ocasi\u00f3n del 66\u00b0 Congreso Brasilero de Gen\u00e9tica EVENTO FINALIZADO Inscripci\u00f3n en los Mini Cursos\u00a1CERRADA! Formulario de inscripci\u00f3n | M\u00e1s informaci\u00f3n Cierre de registro regular y la recepci\u00f3n de res\u00famenes\u00a1FECHA EXTENDIDA! 05 de agosto de 2021Con el apoyo de Acerca delII [&hellip;]<\/p>\n","protected":false},"author":1,"featured_media":0,"parent":0,"menu_order":0,"comment_status":"closed","ping_status":"closed","template":"page-template-blank.php","meta":{"_et_pb_use_builder":"on","_et_pb_old_content":"","_et_gb_content_width":"","footnotes":""},"class_list":["post-19","page","type-page","status-publish","hentry"],"_links":{"self":[{"href":"https:\/\/regenec.org\/taller\/sep2021\/wp-json\/wp\/v2\/pages\/19","targetHints":{"allow":["GET"]}}],"collection":[{"href":"https:\/\/regenec.org\/taller\/sep2021\/wp-json\/wp\/v2\/pages"}],"about":[{"href":"https:\/\/regenec.org\/taller\/sep2021\/wp-json\/wp\/v2\/types\/page"}],"author":[{"embeddable":true,"href":"https:\/\/regenec.org\/taller\/sep2021\/wp-json\/wp\/v2\/users\/1"}],"replies":[{"embeddable":true,"href":"https:\/\/regenec.org\/taller\/sep2021\/wp-json\/wp\/v2\/comments?post=19"}],"version-history":[{"count":50,"href":"https:\/\/regenec.org\/taller\/sep2021\/wp-json\/wp\/v2\/pages\/19\/revisions"}],"predecessor-version":[{"id":339,"href":"https:\/\/regenec.org\/taller\/sep2021\/wp-json\/wp\/v2\/pages\/19\/revisions\/339"}],"wp:attachment":[{"href":"https:\/\/regenec.org\/taller\/sep2021\/wp-json\/wp\/v2\/media?parent=19"}],"curies":[{"name":"wp","href":"https:\/\/api.w.org\/{rel}","templated":true}]}}

<p>[et_pb_section fb_built=»1&#8243; _builder_version=»4.9.6&#8243; _module_preset=»default» custom_margin=»0px||0px|0px|false|false» custom_padding=»0px|0px|0px|0px|false|false» collapsed=»off» global_colors_info=»{}»][et_pb_row column_structure=»1_3,1_3,1_3&#8243; make_equal=»on» _builder_version=»4.9.6&#8243; _module_preset=»default» width=»100%» max_width=»1920px» min_height=»100vh» custom_margin=»0px|0px|0px|0px|false|false» custom_padding=»0px||0px|0px|false|false» global_colors_info=»{}»][et_pb_column type=»1_3&#8243; module_id=»landing-col-bg» _builder_version=»4.9.6&#8243; _module_preset=»default» background_image=»https://regenec.org/taller/sep2021/wp-content/uploads/2021/06/Brazil-Nature-2.png» background_position=»center_right» custom_padding=»||||false|false» custom_padding_tablet=»350px||||false|false» custom_padding_phone=»250px||||false|false» custom_padding_last_edited=»on|tablet» global_colors_info=»{}»][/et_pb_column][et_pb_column type=»1_3&#8243; _builder_version=»4.9.6&#8243; _module_preset=»default» custom_padding=»5%||5%||false|false» custom_padding_tablet=»0%|5%||5%|false|false» custom_padding_phone=»0%|5%||5%|false|false» custom_padding_last_edited=»on|desktop» global_colors_info=»{}»][et_pb_image src=»https://regenec.org/taller/sep2021/wp-content/uploads/2021/06/logo-compuesto.png» alt=»II Congreso Latinoamericano de Genética para la Conservación &#8211; ReGeneC» title_text=»II Congreso Latinoamericano de Genética para la Conservación &#8211; ReGeneC» url=»https://regenec.org/taller/sep2021/» admin_label=»Logo ReGeneC» module_class=»main-logo» _builder_version=»4.9.6&#8243; _module_preset=»default» max_width=»360px» custom_margin=»||||false|false» global_module=»199&#8243; global_colors_info=»{}»][/et_pb_image][et_pb_text admin_label=»Título» _builder_version=»4.9.6&#8243; _module_preset=»default» global_colors_info=»{}»]</p>
<h1><span>II Congreso Latinoamericano de</span><br />Genética para la Conservación</h1>
<p>[/et_pb_text][et_pb_text admin_label=»Fecha» _builder_version=»4.9.7&#8243; _module_preset=»default» global_colors_info=»{}»]</p>
<h2>Del 13 al 16 de septiembre de 2021</h2>
<p>[/et_pb_text][et_pb_text _builder_version=»4.9.6&#8243; _module_preset=»default» custom_margin=»||0px||false|false» custom_padding=»||0px||false|false» global_colors_info=»{}»]</p>
<p>En ocasión del</p>
<h3><a href="https://www.sbg.org.br/genetica2021/index.php">66° Congreso Brasilero de Genética</a></h3>
<p>[/et_pb_text][et_pb_image src=»https://regenec.org/taller/sep2021/wp-content/uploads/2021/06/logo_brasil.png» alt=»66° Congreso Brasilero de Genética» title_text=»66° Congreso Brasilero de Genética» url=»https://www.sbg.org.br/genetica2021/index.php» url_new_window=»on» admin_label=»Logo Congreso Brasileño» _builder_version=»4.9.6&#8243; _module_preset=»default» width=»200px» global_colors_info=»{}»]<br />
[/et_pb_image][et_pb_button button_url=»https://www.sbg.org.br/genetica2021/inscricao» url_new_window=»on» button_text=»Inscríbete ahora» _builder_version=»4.9.6&#8243; _module_preset=»default» global_module=»187&#8243; saved_tabs=»all» global_colors_info=»{}»][/et_pb_button][et_pb_text _builder_version=»4.14.2&#8243; _module_preset=»default» hover_enabled=»0&#8243; global_colors_info=»{}» sticky_enabled=»0&#8243;]</p>
<p><span style="color: red;"><b>EVENTO FINALIZADO</b></span></p>
<p>Inscripción en los Mini Cursos<br /><span style="color: red;">¡CERRADA!</span> <a href="https://forms.gle/PGLhwddTZdwA925u8" target="_blank" rel="noopener">Formulario de inscripción</a> | <a href="https://regenec.org/taller/sep2021/mini-cursos/">Más información</a></p>
<p>Cierre de registro regular y la recepción de resúmenes<br /><span style="color: red;">¡FECHA EXTENDIDA!</span> <strong>05 de agosto de 2021</strong></p>
<p>[/et_pb_text][/et_pb_column][et_pb_column type=»1_3&#8243; _builder_version=»4.9.6&#8243; _module_preset=»default» custom_padding=»5%||5%||false|false» global_colors_info=»{}»][et_pb_text admin_label=»Texto» _builder_version=»4.9.6&#8243; _module_preset=»default» custom_margin=»||0px||false|false» custom_padding=»||0px||false|false» global_module=»79&#8243; saved_tabs=»all» global_colors_info=»{}»]</p>
<p style="text-align: center;">Con el apoyo de</p>
<p>[/et_pb_text][et_pb_image src=»https://regenec.org/taller/sep2021/wp-content/uploads/2021/06/AGA.jpg» alt=»American Genetic Association» title_text=»American Genetic Association» url=»https://www.theaga.org/index.htm» url_new_window=»on» align=»center» admin_label=»Logo AGA» _builder_version=»4.9.6&#8243; _module_preset=»default» width=»200px» global_module=»80&#8243; saved_tabs=»all» global_colors_info=»{}»][/et_pb_image][et_pb_text admin_label=»Acerca del II CLAGeneC» module_class=»menu-box» _builder_version=»4.9.6&#8243; _module_preset=»default» vertical_offset_tablet=»0&#8243; horizontal_offset_tablet=»0&#8243; link_option_url=»https://regenec.org/taller/sep2021/acerca-del-ii-clagenec/» z_index_tablet=»0&#8243; text_text_shadow_horizontal_length_tablet=»0px» text_text_shadow_vertical_length_tablet=»0px» text_text_shadow_blur_strength_tablet=»1px» link_text_shadow_horizontal_length_tablet=»0px» link_text_shadow_vertical_length_tablet=»0px» link_text_shadow_blur_strength_tablet=»1px» ul_text_shadow_horizontal_length_tablet=»0px» ul_text_shadow_vertical_length_tablet=»0px» ul_text_shadow_blur_strength_tablet=»1px» ol_text_shadow_horizontal_length_tablet=»0px» ol_text_shadow_vertical_length_tablet=»0px» ol_text_shadow_blur_strength_tablet=»1px» quote_text_shadow_horizontal_length_tablet=»0px» quote_text_shadow_vertical_length_tablet=»0px» quote_text_shadow_blur_strength_tablet=»1px» header_text_shadow_horizontal_length_tablet=»0px» header_text_shadow_vertical_length_tablet=»0px» header_text_shadow_blur_strength_tablet=»1px» header_2_text_shadow_horizontal_length_tablet=»0px» header_2_text_shadow_vertical_length_tablet=»0px» header_2_text_shadow_blur_strength_tablet=»1px» header_3_text_shadow_horizontal_length_tablet=»0px» header_3_text_shadow_vertical_length_tablet=»0px» header_3_text_shadow_blur_strength_tablet=»1px» header_4_text_shadow_horizontal_length_tablet=»0px» header_4_text_shadow_vertical_length_tablet=»0px» header_4_text_shadow_blur_strength_tablet=»1px» header_5_text_shadow_horizontal_length_tablet=»0px» header_5_text_shadow_vertical_length_tablet=»0px» header_5_text_shadow_blur_strength_tablet=»1px» header_6_text_shadow_horizontal_length_tablet=»0px» header_6_text_shadow_vertical_length_tablet=»0px» header_6_text_shadow_blur_strength_tablet=»1px» box_shadow_horizontal_tablet=»0px» box_shadow_vertical_tablet=»0px» box_shadow_blur_tablet=»40px» box_shadow_spread_tablet=»0px» global_module=»85&#8243; saved_tabs=»all» global_colors_info=»{}»]</p>
<p>Acerca del<br /><strong>II CLAGeneC</strong></p>
<p>[/et_pb_text][et_pb_text admin_label=»Descarga el Programa» module_class=»menu-box» _builder_version=»4.10.7&#8243; _module_preset=»default» link_option_url=»https://regenec.org/taller/sep2021/wp-content/uploads/2021/09/Programa-II-CLAGeneC-v4.3.pdf» link_option_url_new_window=»on» global_module=»115&#8243; saved_tabs=»all» global_colors_info=»{}»]</p>
<p>Descarga el<br /><strong>Programa</strong></p>
<p>[/et_pb_text][et_pb_text admin_label=»Sobre los Resúmenes» module_class=»menu-box» _builder_version=»4.9.6&#8243; _module_preset=»default» link_option_url=»https://regenec.org/taller/sep2021/resumenes/» global_module=»261&#8243; global_colors_info=»{}»]</p>
<p>Sobre los<br /><strong>Resúmenes</strong></p>
<p>[/et_pb_text][et_pb_text admin_label=»Sobre los Mini Cursos» module_class=»menu-box» _builder_version=»4.9.6&#8243; _module_preset=»default» link_option_url=»https://regenec.org/taller/sep2021/mini-cursos/» global_module=»131&#8243; global_colors_info=»{}»]</p>
<p>Sobre los<br /><strong>Mini Cursos</strong></p>
<p>[/et_pb_text][et_pb_text admin_label=»Correo» _builder_version=»4.9.6&#8243; _module_preset=»default» global_module=»175&#8243; saved_tabs=»all» global_colors_info=»{}»]</p>
<p style="text-align: center; color: #f6691c;"><strong>Contacto</strong><br /><a href="mailto:regenec@regenec.org" target="_blank" rel="noopener">regenec@regenec.org</a></p>
<p>[/et_pb_text][et_pb_text admin_label=»Créditos» _builder_version=»4.9.6&#8243; _module_preset=»default» global_module=»176&#8243; saved_tabs=»all» global_colors_info=»{}»]</p>
<p style="text-align: center;"><a href="https://regenec.org/taller/sep2021/creditos/"><strong>Créditos</strong></a></p>
<p>[/et_pb_text][/et_pb_column][/et_pb_row][/et_pb_section]</p>

<p>II Congreso Latinoamericano deGenética para la Conservación Del 13 al 16 de septiembre de 2021En ocasión del 66° Congreso Brasilero de Genética EVENTO FINALIZADO Inscripción en los Mini Cursos¡CERRADA! Formulario de inscripción | Más información Cierre de registro regular y la recepción de resúmenes¡FECHA EXTENDIDA! 05 de agosto de 2021Con el apoyo de Acerca delII [&hellip;]</p>
